{"id":808,"date":"2012-12-22T14:05:55","date_gmt":"2012-12-22T14:05:55","guid":{"rendered":"https:\/\/adesgrs.org.br\/?page_id=808"},"modified":"2021-03-22T09:01:43","modified_gmt":"2021-03-22T12:01:43","slug":"biblioteca","status":"publish","type":"page","link":"https:\/\/adesgrs.org.br\/?page_id=808","title":{"rendered":"Biblioteca"},"content":{"rendered":"<p>&nbsp;<\/p>\n<p style=\"text-align: justify;\">Nossa biblioteca vem sendo enriquecida a mais de (04) quatro d\u00e9cadas \u2013 com o trabalho de profissionais multidisciplinares. Poucas entidades contam com um acervo t\u00e3o diversificado. Conservamos livros e trabalhos de pesquisa que abrangem temas como demografia, ci\u00eancia, tecnologia, meio ambiente, quest\u00f5es sociais, servi\u00e7os p\u00fablicos, energia, fronteiras, polui\u00e7\u00e3o e viol\u00eancia urbana, sa\u00fade, agricultura, economia, planejamento, mercado de trabalho, bem como assuntos voltados para a \u00e1rea psicossocial, militar e de seguran\u00e7a.<\/p>\n<p style=\"text-align: justify;\">Os trabalhos foram desenvolvidos por alunos do CEPEG. Advogados, engenheiros, jornalistas, empres\u00e1rios, m\u00e9dicos, militares, funcion\u00e1rios p\u00fablicos entre outros intelectuais. Todo esse material \u00e9 conservado na biblioteca da entidade. Alguns desses documentos, por serem mais antigos, ainda n\u00e3o est\u00e3o digitalizados.<\/p>\n<p style=\"text-align: justify;\">RELA\u00c7\u00c3O de TRABALHOS de GRUPO DESENVOLVIDOS NESTA DELEGACIA.<\/p>\n<p><strong>As publica\u00e7\u00f5es abaixo relacionadas referem-se a TRABALHOS de GRUPO realizados pelos alunos dos diversos CURSO de ESTUDO de POL\u00cdTICA e ESTRAT\u00c9GIA -CEPE:<\/strong><\/p>\n<p><strong>\u00a0<\/strong><\/p>\n<p><strong>2012<\/strong><\/p>\n<p>&#8211; O MERCOSUL: Situa\u00e7\u00e3o Atual e Perspectivas para o seu Desenvolvimento \u2013 49\u00ba CEPE &#8211; POA<\/p>\n<p>&#8211; A Base Industrial Regional e a Defesa Nacional \u2013 49\u00ba CEPE &#8211; POA<\/p>\n<p>&#8211; A Ci\u00eancia, Tecnologia e Inova\u00e7\u00e3o no Contexto Regional \u2013 49\u00ba CEPE &#8211; POA<\/p>\n<p><strong>2011<\/strong><\/p>\n<p>&#8211; A Ci\u00eancia e Tecnologia no Contexto Regional \u2013 48\u00ba CEPE &#8211; POA<\/p>\n<p>&#8211; As Quest\u00f5es Ambientais no Contexto Regional \u2013 48\u00ba CEPE &#8211; POA<\/p>\n<p>&#8211; Os Reflexos da Situa\u00e7\u00e3o Econ\u00f4mica Mundial no Desenvolvimento Regional \u2013 48\u00ba CEPE &#8211; POA<\/p>\n<p>&#8211; Os Corredores de Transporte Regional e a Integra\u00e7\u00e3o Nacional \u2013 48\u00ba CEPE &#8211; POA<\/p>\n<p><strong>2010<\/strong><\/p>\n<p>&#8211; A Infra-Estrutura Urbana e Mobilidade, visando a Copa de 2014 \u2013 47\u00ba CEPE &#8211; POA<\/p>\n<p>&#8211; A \u00c1gua &#8211; Recurso Vital e Estrat\u00e9gico, como Fonte de Poder \u2013 47\u00ba CEPE &#8211; POA<\/p>\n<p>&#8211; A Infra-Estrutura de Energia El\u00e9trica no Estado do Rio Grande do Sul para o Per\u00edodo 2010 \u2013 2014 \u2013 47\u00ba CEPE &#8211; POA<\/p>\n<p>&#8211; As Quest\u00f5es Ambientais no Contexto Regional \u2013 Metade Sul do RS \u2013 47\u00ba CEPE &#8211; POA<\/p>\n<p>&nbsp;<\/p>\n<p><span style=\"text-decoration: underline;\"><strong>2009<\/strong><\/span><\/p>\n<p>&#8211; A Sa\u00fade no Rio Grande do Sul \u2013 46\u00b0 CEPEG-POA<\/p>\n<p>&#8211; O Sistema Penitenci\u00e1rio no Rio Grande do Sul \u2013 46\u00b0 CEPEG-POA<\/p>\n<p>&#8211; Tecnologia e meio Ambiente- An\u00e1lises e perspectivas \u2013 20\u00b0 CEPE \u2013 Caxias do Sul<\/p>\n<p>&#8211; Itaipu : Passado, Presente e Futuro Energ\u00e9tico \u2013 20\u00b0 CEPE \u2013 Caxias do Sul<\/p>\n<p>&#8211; An\u00e1lise da quest\u00e3o Pr\u00e9-sal \u2013 20\u00b0 CEPE \u2013 Caxias do Sul<\/p>\n<p>&#8211; Os reflexos da gripe A ( H1N1 ) na sociedade brasileira -20\u00ba CEPE -Caxias do Sul<\/p>\n<p>&#8211; A Reforma Pol\u00edtica \u2013 46\u00b0 CEPEG-POA<\/p>\n<p>&#8211; Sociedade Brasileira -Uma an\u00e1lise econ\u00f4mica e social -20\u00ba CEPE-Caxias do Sul<\/p>\n<p>&nbsp;<\/p>\n<p><span style=\"text-decoration: underline;\"><strong>2008<\/strong><\/span><\/p>\n<p>&#8211; O Desenvolvimento da metade Sul do Rio Grande do Sul. -45\u00ba CEPEG-POA.<\/p>\n<p>&#8211; Infraestrutura de transporte no Rio Grrande do Sul.-45\u00ba CEPEG-POA<\/p>\n<p>&#8211; Moderniza\u00e7\u00e3o da Gest\u00e3o P\u00fablica Estadual.-45\u00ba CEPEG-POA<\/p>\n<p>&#8211; Aspecto da Periferia de Porto Alegre.-45\u00ba CEPEG-POA<\/p>\n<p>&#8211; Civismo \u2013 Um cen\u00e1rio a ser Resgatado, Uma An\u00e1lise institucional do Poder \u2013 4\u00ba CEPE-Vacaria<\/p>\n<p>&#8211; Gest\u00e3o socialmente Integrada dos res\u00edduos \u2013 4\u00ba CEPE-Vacaria<\/p>\n<p>&#8211; Servi\u00e7os P\u00fablicos de saneamento B\u00e1sico: Abasteciamento de \u00c1gua e esgoto Sanit\u00e1rio em Vacaria\/RS \u2013 4\u00ba CEPE-Vacaria.<\/p>\n<p>&#8211; Reflexos dos Investimentos na Educa\u00e7\u00e3o. \u2013 XIX CEPE \u2013 Caxias do Sul.<\/p>\n<p>&#8211; Alternativas \u00e0 Matriz Hidroel\u00e9trica Brasileira \u2013 XIX CEPE \u2013 Caxias do Sul.<\/p>\n<p>&#8211; Os pa\u00edses Emergentes e o protecionismo \u2013 XIX CEPE \u2013 Caxias do Sul.<\/p>\n<p>&#8211; Os Fertilizantes e a Crise nos Alimentos \u2013 XIX CEPE \u2013 Caxias do Sul.<\/p>\n<p>&#8211; A expans\u00e3o Industrial Caxiense no Mundo \u2013 XIX CEPE \u2013 Caxias do Sul.<\/p>\n<p>&#8211; As rela\u00e7\u00f5es Sino-Brasileiras : Oportunidades e Riscos para a economia ga\u00facha \u2013 XIX CEPE \u2013 Caxias do Sul.<\/p>\n<p>&nbsp;<\/p>\n<p><span style=\"text-decoration: underline;\"><strong>2007<\/strong><\/span><\/p>\n<p>&#8211; A Geopol\u00edtica na Am\u00e9rica do Sul e sua influ\u00eancia na Hegemonia do Brasil.-44\u00ba CEPEG \u2013 POA<\/p>\n<p>&#8211; O papel das Ag\u00eancias Reguladoras no contexto e desenvolvimento Nacional.-44\u00ba CEPEG-POA<\/p>\n<p>&#8211; A desagrega\u00e7\u00e3o familiar sob o impacto do modismo e dos meios de comunica\u00e7\u00e3o e suas consequ\u00eancias para a Sociedade Brasileira.-44\u00ba CEPEG- POA<\/p>\n<p>&#8211; O saneamento \u00c9tico e Moral da SSociedade e do Estado, para inibir a Corrup\u00e7\u00e3o, a Fraude, a Impunidade, a Criminalidade e o Comprometimento das Institui\u00e7\u00f5es na Defesa da Democracia.-44\u00ba CEPEG-POA<\/p>\n<p>&nbsp;<\/p>\n<p><strong><span style=\"text-decoration: underline;\">2006<\/span><\/strong><\/p>\n<p>&#8211; O vandalismo nos bens p\u00fablicos no munic\u00edpio de Porto Alegre.-43\u00ba CEPE-POA<\/p>\n<p>&#8211; A participa\u00e7\u00f5o de fontess alternativas de energia na matriz energ\u00e9tica do Rio Grande do Sul.-43\u00ba CEPEG-POA<\/p>\n<p>&#8211; A viol\u00eancia urbana e a Seguran\u00e7a P\u00fablica no Rio Grande do Sul.- 43\u00baCEPEG-POA<\/p>\n<p>&#8211; A infraestrutura do Rio Grande do Sul para o com\u00e9rcio exterior.-43\u00ba CEPEG-POA<\/p>\n<p>&#8211; O Brasil soberano. A recomposi\u00e7\u00e3o da Imagem Hist\u00f3rica do Brasil. Rea\u00e7\u00e3o \u00e0 deturpa\u00e7\u00f5es provocadas pela M\u00eddia a servi\u00e7o de Interesses nacionais. \u2013 XVIII CEPE- Caxias do Sul.<\/p>\n<p>&#8211; A situa\u00e7\u00e3o Geral dos traansportes no Brasil e perspectivas futuras: Amplia\u00e7\u00e3o do Bin\u00f4mio Hidrovi\u00e1rio-Ferrovi\u00e1rio e o resgate da malha rodovi\u00e1ria.- XVIII CEPE \u2013 Caxias do Sul.<\/p>\n<p>-Neutraliza\u00e7\u00e3o da Viol\u00eancia nas Grandes cidades e o combate a criminalidade . Promo\u00e7\u00e3o dos segmentos carentes atrav\u00e9s do Tabalho, Educa\u00e7\u00e3o, Sa\u00fade e Saneamento.-XVIII CEPE \u2013 Caxias do Sul.<\/p>\n<p><span style=\"text-decoration: underline;\"><strong>2003<\/strong><\/span><\/p>\n<p>&#8211; A fundamental import\u00e2ncia da express\u00e3o Militar no poder.O fortalecimento do poder dissuasor das For\u00e7as Armadas pela aloca\u00e7\u00e3o dos recursos necess\u00e1rios. -XVI CEPE \u2013 Caxias do Sul<\/p>\n<p>&#8211; A crise da moral e do civismo e os reflexos na vida nacional. A pervers\u00e3o de valores, o egoismo e a aliena\u00e7\u00e3o das elites. -XVI CEPE -Caxias do Sul.<\/p>\n<p>&#8211; Saneamento \u00e9tico e moral da sociedade e do estado, para inibir a corrup\u00e7\u00e3o, a fraude, a criminalidade e a viol\u00eancia crescente e a impunidade.- XVI CEPE -Caxias do Sul<\/p>\n<p>-A recomposi\u00e7\u00e3o da imagem hist\u00f3rica do Brasil. Rea\u00e7\u00e3o \u00e0s deturpa\u00e7\u00f5es provocadas pela m\u00eddia a servi\u00e7o de interesses n\u00e3o nacionais.- XVI CEPE- Caxias do Sul<\/p>\n<p><span style=\"text-decoration: underline;\"><strong>2002<\/strong><\/span><\/p>\n<p>&#8211; Mis\u00e9ria Latina americana : Causas e consequ\u00eancias para um problema secular. \u2013 XV CEPE \u2013 Caxias do Sul<\/p>\n<p>-Reforma da previd\u00eancia: suas implica\u00e7\u00f5es para a for\u00e7a de trabalho. O futuro dos aposentados e pensionistas.-XV CEPE -Caxias doSul<\/p>\n<p>-Pol\u00edtica externa Norte-americanaa, sua influ\u00eancia na atualidade. Como enfrenta-la ou converte-la em benef\u00edcio dos intereses brasileiros.-XV CEPE -Caxias do Sul<\/p>\n<p>-Rota do sol. Sua Import\u00e2ncia estrat\u00e9gica. Como potencializar sua influ\u00eancia no desenvolvimento da regi\u00e3o nordeste do estado.-XV CEPE- Caxias do Sul<\/p>\n<p>&#8211; O poder do dinheiro versus o poder do Estado. Narcotr\u00e1fico.-XV CEPE- Caxias do Sul<\/p>\n<p><span style=\"text-decoration: underline;\"><strong>2001<\/strong><\/span><\/p>\n<p>-A desagrega\u00e7\u00e3o familiar sob o impacto dos modismos e dos meios de comunica\u00e7\u00e3o. Suas consequ\u00eancias para a sociedade brasileira.-XIV CEPE- Caxias do Sul<\/p>\n<p>-Educa\u00e7\u00e3o formal, ci\u00eancia e tecnologia como catalizador do progresso nacional e seguran\u00e7a p\u00fablica.-XIV CEPE \u2013 Caxias do Sul<\/p>\n<p>-O menor de hoje e as perspectivas do adulto do 3\u00ba mil\u00eanio. O combate ao trabalho escravo e a prostitui\u00e7\u00e3o infantil.-XIV CEPE \u2013 Caxias do Sul<\/p>\n<p>-A explora\u00e7\u00e3o e ocupa\u00e7\u00e3o racional da floresta amaz\u00f4nica.-XIV CEPE . Caxias do Sul<\/p>\n<p>-Mercosul como fator real de bem-estar e progresso para os povos dos paises participantes.-XIV CEPE -Caxias do Sul<\/p>\n<p>Obs: Estes trabalhos e mais 1200 outros poder\u00e3o ser consultados na Biblioteca da Delegacia.<\/p>\n<p>&nbsp;<\/p>\n<p>&nbsp;<\/p>\n","protected":false},"excerpt":{"rendered":"<p>&nbsp; Nossa biblioteca vem sendo enriquecida a mais de (04) quatro d\u00e9cadas \u2013 com o&#8230;<\/p>\n","protected":false},"author":1,"featured_media":0,"parent":0,"menu_order":0,"comment_status":"closed","ping_status":"open","template":"","meta":{"footnotes":""},"class_list":["post-808","page","type-page","status-publish","hentry"],"_links":{"self":[{"href":"https:\/\/adesgrs.org.br\/index.php?rest_route=\/wp\/v2\/pages\/808","targetHints":{"allow":["GET"]}}],"collection":[{"href":"https:\/\/adesgrs.org.br\/index.php?rest_route=\/wp\/v2\/pages"}],"about":[{"href":"https:\/\/adesgrs.org.br\/index.php?rest_route=\/wp\/v2\/types\/page"}],"author":[{"embeddable":true,"href":"https:\/\/adesgrs.org.br\/index.php?rest_route=\/wp\/v2\/users\/1"}],"replies":[{"embeddable":true,"href":"https:\/\/adesgrs.org.br\/index.php?rest_route=%2Fwp%2Fv2%2Fcomments&post=808"}],"version-history":[{"count":9,"href":"https:\/\/adesgrs.org.br\/index.php?rest_route=\/wp\/v2\/pages\/808\/revisions"}],"predecessor-version":[{"id":2571,"href":"https:\/\/adesgrs.org.br\/index.php?rest_route=\/wp\/v2\/pages\/808\/revisions\/2571"}],"wp:attachment":[{"href":"https:\/\/adesgrs.org.br\/index.php?rest_route=%2Fwp%2Fv2%2Fmedia&parent=808"}],"curies":[{"name":"wp","href":"https:\/\/api.w.org\/{rel}","templated":true}]}}